{"id":55,"date":"2018-01-15T14:17:00","date_gmt":"2018-01-15T14:17:00","guid":{"rendered":"https:\/\/www.huttenlocher-feldenkrais.de\/?page_id=55"},"modified":"2023-01-07T18:08:10","modified_gmt":"2023-01-07T18:08:10","slug":"tandem","status":"publish","type":"page","link":"https:\/\/www.huttenlocher-feldenkrais.de\/?page_id=55","title":{"rendered":"Tandem"},"content":{"rendered":"<h1>Bewegung und respektvolle,<br \/>\nindividuelle Betreuung f\u00fcr Senioren<\/h1>\n<h4>Ein Weg zu mehr Lebensqualit\u00e4t und<br \/>\nSelbstbestimmung im Alter<\/h4>\n<blockquote><p><span style=\"color: #008000;\">\u201eEs z\u00e4hlt nicht wie alt du bist, sondern wie du alt bist.\u201d\u00a0\u00a0\u00a0 <\/span><br \/>\n<span style=\"color: #008000;\"> \u00a0\u00a0\u00a0\u00a0\u00a0\u00a0\u00a0\u00a0\u00a0\u00a0\u00a0\u00a0\u00a0\u00a0\u00a0\u00a0\u00a0\u00a0\u00a0\u00a0\u00a0\u00a0\u00a0\u00a0\u00a0\u00a0\u00a0\u00a0\u00a0\u00a0\u00a0\u00a0 Buddhistische Weisheit<\/span><\/p>\n<h5><img loading=\"lazy\" decoding=\"async\" class=\"alignleft wp-image-27\" src=\"https:\/\/www.huttenlocher-feldenkrais.de\/wp-content\/uploads\/2018\/01\/Birgit_Tandem_beschnitten-300x300.jpg\" alt=\"\" width=\"650\" height=\"650\" srcset=\"https:\/\/www.huttenlocher-feldenkrais.de\/wp-content\/uploads\/2018\/01\/Birgit_Tandem_beschnitten-300x300.jpg 300w, https:\/\/www.huttenlocher-feldenkrais.de\/wp-content\/uploads\/2018\/01\/Birgit_Tandem_beschnitten-150x150.jpg 150w, https:\/\/www.huttenlocher-feldenkrais.de\/wp-content\/uploads\/2018\/01\/Birgit_Tandem_beschnitten-768x768.jpg 768w, https:\/\/www.huttenlocher-feldenkrais.de\/wp-content\/uploads\/2018\/01\/Birgit_Tandem_beschnitten-100x100.jpg 100w, https:\/\/www.huttenlocher-feldenkrais.de\/wp-content\/uploads\/2018\/01\/Birgit_Tandem_beschnitten.jpg 1000w\" sizes=\"auto, (max-width: 650px) 100vw, 650px\" \/><\/h5>\n<\/blockquote>\n<p>Das ist unsere Philosophie \u2013 und unsere \u00dcberzeugung aus Erfahrung.<br \/>\nMitten im Leben sein auch wenn die Kr\u00e4fte nachlassen!<br \/>\n\u00c4lter zu werden bedeutet nicht, dass man sich alt oder<br \/>\nvon der Gemeinschaft ausgeschlossen f\u00fchlen muss. Mehr lesen\u2026\u2026<br \/>\nHat der Abend auch keine Sonne, so hat er doch Sterne<br \/>\ndies und das macht mehr M\u00fche, sie f\u00fchlen sich Manchem nicht mehr gewachsen, Sie sp\u00fcren das Alter?<\/p>\n<h4>Ich\/Wir helfe\/n Ihnen im Alltag, schaffen<br \/>\nErleichterung und Sicherheit<\/h4>\n<h4>Urlaub<\/h4>\n<p>ohen Koffer f\u00fcr Senioren aus M\u00f6ssingen ab Juni 2023<\/p>\n<h4>Einkaufen<\/h4>\n<p>Wir schreiben mit Ihnen den Einkaufszettel.\u2028 Sie entscheiden, in welchem Gesch\u00e4ft was besorgt werden soll.\u2028 Wir begleiten Sie.<br \/>\nOder, wenn Ihnen mal nicht so wohl ist, erledigen wir die Besorgung.<\/p>\n<h4>Arztbesuche<\/h4>\n<p>Wir helfen Ihnen bei der Organisation Ihrer Arztbesuche.\u2028 Wir erinnern Sie an anstehende Termine.\u2028 Wir begleiten Sie und kommen auch zur Apotheke mit.\u2028\u2028 Haushalt\u2028 Wir helfen Ihnen, Ihre h\u00e4usliche Umgebung in Ordnung und instand \u2028 zu halten. Damit Sie sicher leben und sich wohlf\u00fchlen.<\/p>\n<blockquote>\n<p style=\"text-align: left;\"><span style=\"color: #008000;\">\u201eIch stehe mit dem richtigen Fu\u00df auf, \u00f6ffne das Fenster der Seele, verbeuge mich vor allem was liebt, wende mein Gesicht der Sonne entgegen, springe ein paarmal \u00fcber meinen Schatten und lache mich gesund\u201d\u00a0\u00a0\u00a0 Autor unbekannt<\/span><\/p>\n<\/blockquote>\n<h4 style=\"text-align: left;\">Sie merken, dass Sie ungelenkig sind und schneller m\u00fcde werden?<\/h4>\n<h4>Wir machen Gymnastik mit Ihnen und helfen Ihre Kondition zu verbessern<\/h4>\n<p><img loading=\"lazy\" decoding=\"async\" class=\"alignleft wp-image-87 size-large\" src=\"https:\/\/www.huttenlocher-feldenkrais.de\/wp-content\/uploads\/2018\/02\/Birgit_Tandem-1-1024x683.jpg\" alt=\"\" width=\"525\" height=\"350\" \/><\/p>\n<h4 style=\"text-align: left;\">Beweglichkeit ist Sicherheit<\/h4>\n<p style=\"text-align: left;\">Ein Uhrwerk, das lange stillsteht, l\u00e4uft nur noch schwerf\u00e4llig und droht zu verkleben.\u2028Genauso ist es mit unserem Gelenk-Apparat. Je weniger wir ihn nutzen, desto \u2028schwerf\u00e4lliger und \u00e4chzender wird er.<br \/>\nRegelm\u00e4\u00dfige Gymnastik ist deshalb gerade im Alter der Schl\u00fcssel daf\u00fcr, beweglich zu bleiben und sich sicher zu f\u00fchlen. \u2028 \u2028Wir machen mit Ihnen gymnastische \u00dcbungen, die Ihren pers\u00f6nlichen Bed\u00fcrfnissen\u2028und Ihrer speziellen Kondition entsprechen. Es soll Spa\u00df machen und es darf dabei gelacht werden.<\/p>\n<p>Lachen kann das Alter zur Jugend machen. Autor unbekannt<br \/>\nKondition f\u00fcr das (Er-)Leben\u2028 \u201eAch, was haben wir fr\u00fcher gefeiert \u2013 bis in den Morgen hinein!\u201c \u2013 Ja, auch das\u2028 Sch\u00f6ne, Gesellige im Leben braucht Kondition. \u2013 Wir helfen Ihnen, diese Kondition wieder\u2028 aufzubauen. Damit Sie auch Ihre \u201egoldenen Tage\u201c ganz und gar genie\u00dfen k\u00f6nnen und Freude an der Gemeinschaft haben.<\/p>\n<h4>Sie waren so gerne auf Reisen und auf Spazierg\u00e4ngen<br \/>\ndurch die Natur?<\/h4>\n<h4>Wir organisieren und begleiten Ausfl\u00fcge und Spazierg\u00e4nge<\/h4>\n<p>Frische Luft\/Spazierg\u00e4nge\u2028 Aus den eigenen vier W\u00e4nden heraus und an die frische Luft zu kommen,\u2028 ist eine Erfrischung f\u00fcr K\u00f6rper, Geist und Seele zugleich.\u2028\u2028 Wir begleiten Sie in die Natur oder durch den Park, gehen vertraute\u2028 Wege und entdecken gemeinsam Neue. In einem Ma\u00df, das Sie st\u00e4rkt.<br \/>\nOder wir besuchen gemeinsam Orte, mit denen Sie besondere Erlebnisse\/Erinnerungen verbinden, die Ihnen wichtig sind und vertraut waren.<br \/>\nOrtswechselAusfl\u00fcge\u2028 Neue Eindr\u00fccke sammelt man durch Ortswechsel, neue Freunde \u2028 findet man am Einfachsten auf gemeinsamen Reisen.<br \/>\nWir organisieren und begleiten Ausfl\u00fcge in kleinen Gruppen, aber\u2028 auch Reisen mit Ihnen alleine. Wir machen Vorschl\u00e4ge und nehmen jederzeit gerne Ihre Ideen, Bed\u00fcrfnisse und W\u00fcnsche auf.<br \/>\nGanz wie Sie es w\u00fcnschen.<\/p>\n<p><img loading=\"lazy\" decoding=\"async\" class=\"alignnone wp-image-149 size-full\" src=\"https:\/\/www.huttenlocher-feldenkrais.de\/wp-content\/uploads\/2018\/02\/IMG_20170625_170730.jpg\" alt=\"\" width=\"567\" height=\"425\" srcset=\"https:\/\/www.huttenlocher-feldenkrais.de\/wp-content\/uploads\/2018\/02\/IMG_20170625_170730.jpg 567w, https:\/\/www.huttenlocher-feldenkrais.de\/wp-content\/uploads\/2018\/02\/IMG_20170625_170730-300x225.jpg 300w\" sizes=\"auto, (max-width: 567px) 100vw, 567px\" \/><\/p>\n<blockquote>\n<p style=\"text-align: left;\"><span style=\"color: #008000;\">\u201eDas Genie mag abnehmen im Alter,<\/span><br \/>\n<span style=\"color: #008000;\"> der Wert der Erfahrung aber nimmt zu\u201d<\/span><\/p>\n<\/blockquote>\n<h4>Sie vergessen einfache Dinge, erinnern aber Vieles aus der Vergangenheit? Wir trainieren mit Ihnen Ihr Ged\u00e4chtnis und Ihre Merkf\u00e4higkeit.<\/h4>\n<h4>Selbstbewusstsein<\/h4>\n<p>Vergesslichkeit macht unsicher. Aber sie kann durch einfache \u00dcbungen verbessert, oft \u00fcberwunden werden. Wir trainieren Ihre Merkf\u00e4higkeit, und haben gemeinsam Spa\u00df.<\/p>\n<h4>Erinnerungs- und Ged\u00e4chtnis-Training<\/h4>\n<p>Was es heute zum Mittagessen gab, erinnern Sie nicht mehr.<br \/>\nDoch wie die Gro\u00dfmutter fr\u00fcher Ihre Leibspeise zubereitet hat, wissen Sie noch ganz genau. Und die vielen Streiche der Jugend, die einem in den schweren Zeiten des kargen\/fr\u00fcheren Alltags Abwechslung und Freude verschafften. Oder welch ein Gl\u00fcck es bedeutete, schwimmen zu lernen.<br \/>\nWir helfen Ihnen, die vergangenen Erlebnisse in Ihrem Ged\u00e4chtnis lebendig zu halten und wert zu sch\u00e4tzen. Und mit kleinen Ged\u00e4chtnisst\u00fctzen das jetzt Wichtige, auf spielerische Weise, so lange wie m\u00f6glich zu erhalten.<\/p>\n<h4>Respekt\u2026<\/h4>\n<p>\u2026f\u00fcr die Senioren, die wir betreuen, \u2028 aber auch f\u00fcr ihre Angeh\u00f6rigen und deren Situation;<\/p>\n<h4>Lebensfreude\u2026<\/h4>\n<p>\u2026f\u00fcr Menschen, die mit schwierigen Umst\u00e4nden umgehen m\u00fcssen;<\/p>\n<h4>Gemeinschaft\u2026<\/h4>\n<p>\u2026f\u00fcr alle, die alleine sind oder sich schwer damit tun, \u201eraus zu gehen\u201c.<\/p>\n<h4>Das ist, was wir bieten.<\/h4>\n<h4>Das ist, wof\u00fcr wir unsere Erfahrung und unser Wissen geben.<\/h4>\n","protected":false},"excerpt":{"rendered":"<p>Bewegung und respektvolle, individuelle Betreuung f\u00fcr Senioren Ein Weg zu mehr Lebensqualit\u00e4t und Selbstbestimmung im Alter \u201eEs z\u00e4hlt nicht wie alt du bist, sondern wie du alt bist.\u201d\u00a0\u00a0\u00a0 \u00a0\u00a0\u00a0\u00a0\u00a0\u00a0\u00a0\u00a0\u00a0\u00a0\u00a0\u00a0\u00a0\u00a0\u00a0\u00a0\u00a0\u00a0\u00a0\u00a0\u00a0\u00a0\u00a0\u00a0\u00a0\u00a0\u00a0\u00a0\u00a0\u00a0\u00a0\u00a0 Buddhistische Weisheit Das ist unsere Philosophie \u2013 und unsere \u00dcberzeugung aus Erfahrung. Mitten im Leben sein auch wenn die Kr\u00e4fte nachlassen! \u00c4lter zu werden bedeutet nicht, &hellip; <\/p>\n<p class=\"link-more\"><a href=\"https:\/\/www.huttenlocher-feldenkrais.de\/?page_id=55\" class=\"more-link\"><span class=\"screen-reader-text\">\u201eTandem\u201c <\/span>weiterlesen<\/a><\/p>\n","protected":false},"author":1,"featured_media":0,"parent":0,"menu_order":0,"comment_status":"closed","ping_status":"closed","template":"","meta":{"footnotes":""},"class_list":["post-55","page","type-page","status-publish","hentry"],"_links":{"self":[{"href":"https:\/\/www.huttenlocher-feldenkrais.de\/index.php?rest_route=\/wp\/v2\/pages\/55","targetHints":{"allow":["GET"]}}],"collection":[{"href":"https:\/\/www.huttenlocher-feldenkrais.de\/index.php?rest_route=\/wp\/v2\/pages"}],"about":[{"href":"https:\/\/www.huttenlocher-feldenkrais.de\/index.php?rest_route=\/wp\/v2\/types\/page"}],"author":[{"embeddable":true,"href":"https:\/\/www.huttenlocher-feldenkrais.de\/index.php?rest_route=\/wp\/v2\/users\/1"}],"replies":[{"embeddable":true,"href":"https:\/\/www.huttenlocher-feldenkrais.de\/index.php?rest_route=%2Fwp%2Fv2%2Fcomments&post=55"}],"version-history":[{"count":16,"href":"https:\/\/www.huttenlocher-feldenkrais.de\/index.php?rest_route=\/wp\/v2\/pages\/55\/revisions"}],"predecessor-version":[{"id":174,"href":"https:\/\/www.huttenlocher-feldenkrais.de\/index.php?rest_route=\/wp\/v2\/pages\/55\/revisions\/174"}],"wp:attachment":[{"href":"https:\/\/www.huttenlocher-feldenkrais.de\/index.php?rest_route=%2Fwp%2Fv2%2Fmedia&parent=55"}],"curies":[{"name":"wp","href":"https:\/\/api.w.org\/{rel}","templated":true}]}}