{"id":8,"date":"2018-01-15T11:37:03","date_gmt":"2018-01-15T11:37:03","guid":{"rendered":"https:\/\/www.huttenlocher-feldenkrais.de\/?page_id=8"},"modified":"2023-01-08T22:17:42","modified_gmt":"2023-01-08T22:17:42","slug":"ueber-mich","status":"publish","type":"page","link":"https:\/\/www.huttenlocher-feldenkrais.de\/?page_id=8","title":{"rendered":"\u00dcber mich"},"content":{"rendered":"<p><img loading=\"lazy\" decoding=\"async\" class=\"size-full wp-image-28 alignleft\" src=\"https:\/\/www.huttenlocher-feldenkrais.de\/wp-content\/uploads\/2018\/01\/Birgit.png\" alt=\"\" width=\"105\" height=\"129\" \/>1960 wurde ich in Esslingen geboren<br \/>\nNach meiner ersten Ausbildung und T\u00e4tigkeit als Schaufenstergestalterin, absolvierte ich an der kirchlichen Ausbildungsst\u00e4tte f\u00fcr Diakonie und Religionsp\u00e4dagogik, Karlsh\u00f6he in Ludwigsburg, die Grundausbildung zur Jugend- und Heimerzieherin.<br \/>\nDann wurde ich Mutter von zwei wunderbaren Kindern.<br \/>\nSchlie\u00dflich f\u00fchrte mich mein Interesse f\u00fcr Bewegung, Anatomie und Achtsamkeit zur Feldenkrais Methode und ich machte meine dritte Ausbildung zur Feldenkrais-P\u00e4dagogin. Diese Methode inspiriert seitdem alle meine T\u00e4tigkeiten. Ich bin immer wieder aufs Neue fasziniert, wie genial die Zusammenh\u00e4nge unseres menschlichen K\u00f6rpers sind. Und wie wir mit bewusst ausgef\u00fchrten Bewegungen Ver\u00e4nderungen in allen Bereichen herbeif\u00fchren k\u00f6nnen.<\/p>\n<h5><span style=\"color: #333333;\">Feldenkrais Methode<\/span><\/h5>\n<p>1993-97 Ausbildung bei Chava Shelhav, Neuss<br \/>\nZertifiziert durch International Feldenkrais Federation IFF<br \/>\nMitglied im Feldenkrais-Verband \u2013Deutschland FVD<br \/>\nSeit 1997 bis heute Kurse, Einzelstunden, Seminare und Vortr\u00e4ge in freiberuflicher T\u00e4tigkeit, als auch in sozialen Organisationen, Bildungswerken, Beratungsstellen und Altenheimen.<\/p>\n<h5><span style=\"color: #333333;\">Referenzen<\/span><\/h5>\n<p>Seit 1997 ist \u201eBewusstheit durch Bewegung\u201c mein Hauptanliegen in meinen verschiedenen T\u00e4tigkeitsfeldern. Interessiert hat mich dabei immer wieder, diesen methodischen Ansatz auch mit und f\u00fcr Menschen in besonderen Lebenssituation umzusetzen. So konnte ich z. B. spannende Erfahrungen sammeln mit mehrfach behinderten Erwachsenen, im \u00fcber Jahre hinweg w\u00f6chentlich stattfindenden Bewegungskurs mit der Werkstatt f\u00fcr Behinderte in Gomaringen. Sowie mit Eltern von an Krebs erkrankten Kindern, oder Menschen mit Demenz und deren Angeh\u00f6rigen.<\/p>\n<p>Meine Aktivit\u00e4ten mit Menschen mit Demenz sind ohne die Achtsamkeit und best\u00e4ndige Reflexion der zwischenmenschlichen Wirkungsweise der eigenen Handlung nicht vorstellbar.<\/p>\n<p>F\u00fcr mich pers\u00f6nlich ist vielseitige Bewegung in der Natur (Wandern, Langlaufen, Schwimmen im See, auf einer Bank sitzen und den Wolken zuschauen\u2026)ein wichtiger Ausgleich. Und gleichzeitig mein Bestreben, vor allem \u00e4ltere Menschen wieder dorthin zu begleiten. Denn hier erholt und n\u00e4hrt sich unsere Seele ganz von alleine.<\/p>\n<p>Seit 2009 bis 20017 Betreuungsfachkraft und Mitarbeiterin im Qualit\u00e4tsmanagement eines gro\u00dfen Altenpflegetr\u00e4gers mit vielf\u00e4ltigen Aufgaben (mehr dazu\u2026.)<\/p>\n<p>Von 2015 bis 2017 habe ich eine Tagespflege in M\u00f6ssingen aufgebaut und geleitet<br \/>\n(mehr dazu\u2026.)<\/p>\n<p>Ab 2017 Koordinatorin des Betreuten Wohnens, Ilse Graulich Haus, Gomaringen<\/p>\n<p>Seit April 2020 als P\u00e4dagogische Fachkraft bei der AIS auf dem Kastanienhof\/Bodelshausen<\/p>\n<h5><span style=\"color: #333333;\">PROJEKTE<\/span><\/h5>\n<p>1991-97 Fortlaufender Abendkurs und Urlaubsvertretung der Hausleitung im Geschwisterhaus, F\u00f6rderverein f\u00fcr krebskranke Kinder, T\u00fcbingen e.V.<\/p>\n<p>Seit 1997 Vortr\u00e4ge, Seminare und fortlaufende Kurse an der VHS Reutlingen, Pfullingen und anderen Bildungseinrichtungen<\/p>\n<p>1995-09 Feldenkrais in der Aktivierungs- und Biografiearbeit f\u00fcr Menschen mit Demenz im Gustav- Schwab-Stift, Gomaringen und im Altenheim Roseck, Unterjesingen<\/p>\n<p>Seit 2000 bis jetzt Alzheimer Gesellschaft Stuttgart, Vortr\u00e4ge und Seminare f\u00fcr Ehrenamtliche und Pflegende Angeh\u00f6rige zum Thema:<br \/>\n&#8211; Regeneration und Selbstpflege;<br \/>\n&#8211; Demenz und St\u00e4rkung der Alltags-Kompetenzen von Betroffenen<\/p>\n<p>2007-08 Samariter Stift Pfullingen, Gewinnung, Anleitung und Begleitung Ehrenamtlicher zur Betreuung dementiell erkrankter Menschen<\/p>\n<h4><span style=\"color: #333333;\">Weiterbildungen<\/span><\/h4>\n<p>1983 \u2013 1992 Meditation, Tai Chi und Leibarbeit im Zentrum f\u00fcr Initiatische Therapie, Todtmoos\/R\u00fctte bei Karlfried Graf D\u00fcrckheim<\/p>\n<p>Seit 1985 Fortbildungen in Meditativem Tanz bei unterschiedlichen Institutionen<\/p>\n<p>Seit 1992 Meditation, Atemarbeit und Yoga bei Pir Vilayat Khan<\/p>\n<p>Seit 1997 kontinuierliche Fortbildungen bei der Feldenkrais-Gilde Deutschland,<br \/>\ndiverse Fortbildungen in Sitztanz, Bewegen mit und ohne Musik oder Materialien, Kontrakturenprophylaxe<\/p>\n<p>seit 2005 diverse Fortbildungen zum Thema Demenz und Altersdepression<\/p>\n<p>2006 Herzsporttrainerin im Sportverband mit Trainerschein beim W\u00fcrttembergischen Behinderten- und Rehasportverband<\/p>\n<p>2011\/12 einj\u00e4hriges Jahrestraining \u201eAchtsame Ber\u00fchrung\u201c bei Anne H\u00f6fler, Lindau<\/p>\n<p>2013 Basiskurs Dementia Care Mapping (DCM), Universit\u00e4t Witten Herdecke<\/p>\n<p>2014 Rhythmische Einreibungen nach Wegmann\/Hauschka<\/p>\n<p>2016\/17 Organisation und Assistenz einer zweij\u00e4hrigen Weiterbildung f\u00fcr Pflegemitarbeiterinnen zum Thema \u201eAchtsame Ber\u00fchrung\u201c mit Anne H\u00f6fler<\/p>\n","protected":false},"excerpt":{"rendered":"<p>1960 wurde ich in Esslingen geboren Nach meiner ersten Ausbildung und T\u00e4tigkeit als Schaufenstergestalterin, absolvierte ich an der kirchlichen Ausbildungsst\u00e4tte f\u00fcr Diakonie und Religionsp\u00e4dagogik, Karlsh\u00f6he in Ludwigsburg, die Grundausbildung zur Jugend- und Heimerzieherin. Dann wurde ich Mutter von zwei wunderbaren Kindern. Schlie\u00dflich f\u00fchrte mich mein Interesse f\u00fcr Bewegung, Anatomie und Achtsamkeit zur Feldenkrais Methode und &hellip; <\/p>\n<p class=\"link-more\"><a href=\"https:\/\/www.huttenlocher-feldenkrais.de\/?page_id=8\" class=\"more-link\"><span class=\"screen-reader-text\">\u201e\u00dcber mich\u201c <\/span>weiterlesen<\/a><\/p>\n","protected":false},"author":1,"featured_media":0,"parent":0,"menu_order":0,"comment_status":"closed","ping_status":"closed","template":"","meta":{"footnotes":""},"class_list":["post-8","page","type-page","status-publish","hentry"],"_links":{"self":[{"href":"https:\/\/www.huttenlocher-feldenkrais.de\/index.php?rest_route=\/wp\/v2\/pages\/8","targetHints":{"allow":["GET"]}}],"collection":[{"href":"https:\/\/www.huttenlocher-feldenkrais.de\/index.php?rest_route=\/wp\/v2\/pages"}],"about":[{"href":"https:\/\/www.huttenlocher-feldenkrais.de\/index.php?rest_route=\/wp\/v2\/types\/page"}],"author":[{"embeddable":true,"href":"https:\/\/www.huttenlocher-feldenkrais.de\/index.php?rest_route=\/wp\/v2\/users\/1"}],"replies":[{"embeddable":true,"href":"https:\/\/www.huttenlocher-feldenkrais.de\/index.php?rest_route=%2Fwp%2Fv2%2Fcomments&post=8"}],"version-history":[{"count":11,"href":"https:\/\/www.huttenlocher-feldenkrais.de\/index.php?rest_route=\/wp\/v2\/pages\/8\/revisions"}],"predecessor-version":[{"id":178,"href":"https:\/\/www.huttenlocher-feldenkrais.de\/index.php?rest_route=\/wp\/v2\/pages\/8\/revisions\/178"}],"wp:attachment":[{"href":"https:\/\/www.huttenlocher-feldenkrais.de\/index.php?rest_route=%2Fwp%2Fv2%2Fmedia&parent=8"}],"curies":[{"name":"wp","href":"https:\/\/api.w.org\/{rel}","templated":true}]}}

Über mich

<p><img loading="lazy" decoding="async" class="size-full wp-image-28 alignleft" src="https://www.huttenlocher-feldenkrais.de/wp-content/uploads/2018/01/Birgit.png" alt="" width="105" height="129" />1960 wurde ich in Esslingen geboren<br />
Nach meiner ersten Ausbildung und Tätigkeit als Schaufenstergestalterin, absolvierte ich an der kirchlichen Ausbildungsstätte für Diakonie und Religionspädagogik, Karlshöhe in Ludwigsburg, die Grundausbildung zur Jugend- und Heimerzieherin.<br />
Dann wurde ich Mutter von zwei wunderbaren Kindern.<br />
Schließlich führte mich mein Interesse für Bewegung, Anatomie und Achtsamkeit zur Feldenkrais Methode und ich machte meine dritte Ausbildung zur Feldenkrais-Pädagogin. Diese Methode inspiriert seitdem alle meine Tätigkeiten. Ich bin immer wieder aufs Neue fasziniert, wie genial die Zusammenhänge unseres menschlichen Körpers sind. Und wie wir mit bewusst ausgeführten Bewegungen Veränderungen in allen Bereichen herbeiführen können.</p>
<h5><span style="color: #333333;">Feldenkrais Methode</span></h5>
<p>1993-97 Ausbildung bei Chava Shelhav, Neuss<br />
Zertifiziert durch International Feldenkrais Federation IFF<br />
Mitglied im Feldenkrais-Verband –Deutschland FVD<br />
Seit 1997 bis heute Kurse, Einzelstunden, Seminare und Vorträge in freiberuflicher Tätigkeit, als auch in sozialen Organisationen, Bildungswerken, Beratungsstellen und Altenheimen.</p>
<h5><span style="color: #333333;">Referenzen</span></h5>
<p>Seit 1997 ist „Bewusstheit durch Bewegung“ mein Hauptanliegen in meinen verschiedenen Tätigkeitsfeldern. Interessiert hat mich dabei immer wieder, diesen methodischen Ansatz auch mit und für Menschen in besonderen Lebenssituation umzusetzen. So konnte ich z. B. spannende Erfahrungen sammeln mit mehrfach behinderten Erwachsenen, im über Jahre hinweg wöchentlich stattfindenden Bewegungskurs mit der Werkstatt für Behinderte in Gomaringen. Sowie mit Eltern von an Krebs erkrankten Kindern, oder Menschen mit Demenz und deren Angehörigen.</p>
<p>Meine Aktivitäten mit Menschen mit Demenz sind ohne die Achtsamkeit und beständige Reflexion der zwischenmenschlichen Wirkungsweise der eigenen Handlung nicht vorstellbar.</p>
<p>Für mich persönlich ist vielseitige Bewegung in der Natur (Wandern, Langlaufen, Schwimmen im See, auf einer Bank sitzen und den Wolken zuschauen…)ein wichtiger Ausgleich. Und gleichzeitig mein Bestreben, vor allem ältere Menschen wieder dorthin zu begleiten. Denn hier erholt und nährt sich unsere Seele ganz von alleine.</p>
<p>Seit 2009 bis 20017 Betreuungsfachkraft und Mitarbeiterin im Qualitätsmanagement eines großen Altenpflegeträgers mit vielfältigen Aufgaben (mehr dazu….)</p>
<p>Von 2015 bis 2017 habe ich eine Tagespflege in Mössingen aufgebaut und geleitet<br />
(mehr dazu….)</p>
<p>Ab 2017 Koordinatorin des Betreuten Wohnens, Ilse Graulich Haus, Gomaringen</p>
<p>Seit April 2020 als Pädagogische Fachkraft bei der AIS auf dem Kastanienhof/Bodelshausen</p>
<h5><span style="color: #333333;">PROJEKTE</span></h5>
<p>1991-97 Fortlaufender Abendkurs und Urlaubsvertretung der Hausleitung im Geschwisterhaus, Förderverein für krebskranke Kinder, Tübingen e.V.</p>
<p>Seit 1997 Vorträge, Seminare und fortlaufende Kurse an der VHS Reutlingen, Pfullingen und anderen Bildungseinrichtungen</p>
<p>1995-09 Feldenkrais in der Aktivierungs- und Biografiearbeit für Menschen mit Demenz im Gustav- Schwab-Stift, Gomaringen und im Altenheim Roseck, Unterjesingen</p>
<p>Seit 2000 bis jetzt Alzheimer Gesellschaft Stuttgart, Vorträge und Seminare für Ehrenamtliche und Pflegende Angehörige zum Thema:<br />
&#8211; Regeneration und Selbstpflege;<br />
&#8211; Demenz und Stärkung der Alltags-Kompetenzen von Betroffenen</p>
<p>2007-08 Samariter Stift Pfullingen, Gewinnung, Anleitung und Begleitung Ehrenamtlicher zur Betreuung dementiell erkrankter Menschen</p>
<h4><span style="color: #333333;">Weiterbildungen</span></h4>
<p>1983 – 1992 Meditation, Tai Chi und Leibarbeit im Zentrum für Initiatische Therapie, Todtmoos/Rütte bei Karlfried Graf Dürckheim</p>
<p>Seit 1985 Fortbildungen in Meditativem Tanz bei unterschiedlichen Institutionen</p>
<p>Seit 1992 Meditation, Atemarbeit und Yoga bei Pir Vilayat Khan</p>
<p>Seit 1997 kontinuierliche Fortbildungen bei der Feldenkrais-Gilde Deutschland,<br />
diverse Fortbildungen in Sitztanz, Bewegen mit und ohne Musik oder Materialien, Kontrakturenprophylaxe</p>
<p>seit 2005 diverse Fortbildungen zum Thema Demenz und Altersdepression</p>
<p>2006 Herzsporttrainerin im Sportverband mit Trainerschein beim Württembergischen Behinderten- und Rehasportverband</p>
<p>2011/12 einjähriges Jahrestraining „Achtsame Berührung“ bei Anne Höfler, Lindau</p>
<p>2013 Basiskurs Dementia Care Mapping (DCM), Universität Witten Herdecke</p>
<p>2014 Rhythmische Einreibungen nach Wegmann/Hauschka</p>
<p>2016/17 Organisation und Assistenz einer zweijährigen Weiterbildung für Pflegemitarbeiterinnen zum Thema „Achtsame Berührung“ mit Anne Höfler</p>

<p>1960 wurde ich in Esslingen geboren Nach meiner ersten Ausbildung und Tätigkeit als Schaufenstergestalterin, absolvierte ich an der kirchlichen Ausbildungsstätte für Diakonie und Religionspädagogik, Karlshöhe in Ludwigsburg, die Grundausbildung zur Jugend- und Heimerzieherin. Dann wurde ich Mutter von zwei wunderbaren Kindern. Schließlich führte mich mein Interesse für Bewegung, Anatomie und Achtsamkeit zur Feldenkrais Methode und &hellip; </p>
<p class="link-more"><a href="https://www.huttenlocher-feldenkrais.de/?page_id=8" class="more-link"><span class="screen-reader-text">„Über mich“ </span>weiterlesen</a></p>
