{"id":80,"date":"2018-02-05T09:10:53","date_gmt":"2018-02-05T09:10:53","guid":{"rendered":"https:\/\/www.huttenlocher-feldenkrais.de\/?page_id=80"},"modified":"2018-02-21T09:04:20","modified_gmt":"2018-02-21T09:04:20","slug":"handauflegen","status":"publish","type":"page","link":"https:\/\/www.huttenlocher-feldenkrais.de\/?page_id=80","title":{"rendered":"Handauflegen"},"content":{"rendered":"<h1><span style=\"color: #333333;\">Handauflegen nach Anne H\u00f6fler<\/span><br \/>\n<span style=\"color: #333333;\"> Eine M\u00f6glichkeit f\u00fcr die Anwendung bei sich selbst und anderen<\/span><\/h1>\n<p><img loading=\"lazy\" decoding=\"async\" class=\"alignnone wp-image-71 size-full\" src=\"https:\/\/www.huttenlocher-feldenkrais.de\/wp-content\/uploads\/2018\/01\/Weite_Schafe-e1518086092730.png\" alt=\"\" width=\"567\" height=\"378\" \/><\/p>\n<blockquote><p><span style=\"color: #008000;\">\u201eEs gibt Augenblicke in unserem Leben,\u2028 In denen Zeit und Raum tiefer werden\u2028und das Gef\u00fchl des Daseins sich\u2028 unendlich ausdehnt.&#8220; \u00a0\u00a0\u00a0\u00a0\u00a0\u00a0\u00a0\u00a0\u00a0\u00a0\u00a0\u00a0\u00a0\u00a0\u00a0\u00a0\u00a0\u00a0\u00a0\u00a0\u00a0\u00a0\u00a0\u00a0\u00a0\u00a0\u00a0\u00a0\u00a0\u00a0\u00a0\u00a0\u00a0\u00a0\u00a0\u00a0\u00a0\u00a0\u00a0\u00a0\u00a0\u00a0 Charles Baudelaire<\/span><\/p><\/blockquote>\n<p>Das achtsame Ber\u00fchren mit den H\u00e4nden oder Handauflegen ist wohl die \u00e4lteste Behandlungsmethode der Menschheit. Durch die zugewandte liebevolle N\u00e4he in der Begegnung und der Ber\u00fchrung entsteht eine Atmosph\u00e4re, in der Vertrauen geschieht und wir uns f\u00fcr eine Kraft \u00f6ffnen, wo unser Verstand mit seiner Vorstellung nicht mehr hinreicht.<\/p>\n<h4>Es ist so naheliegend und einfach\u2026<\/h4>\n<p>Hierf\u00fcr braucht es keine besonderen Kenntnisse, nur den Mut mit einem offenen Herzen in die Ber\u00fchrung mit einem anderen Menschen zu gehen und sich selbst von ihm auch ber\u00fchren zu lassen. \u00dcberall auf der Welt legen Menschen intuitiv die H\u00e4nde auf schmerzende Stellen am K\u00f6rper und Eltern tr\u00f6sten auf diese einfache Weise ihre Kinder. Es ist etwas Gro\u00dfartiges und gleichzeitig auch etwas vollkommen Nat\u00fcrliches und Selbstverst\u00e4ndliches.<\/p>\n<h4>Respektvoll und absichtslos\u2026<\/h4>\n<p>Achtsame Ber\u00fchrung ist ein Prozess der inneren Haltung. Es geht darum, miteinander respektvoll umzugehen, Grenzen, Bed\u00fcrfnisse und Verletzlichkeiten zu beachten und als Behandelnde an der eigenen Grundeinstellung dem anderen Menschen gegen\u00fcber zu arbeiten.<br \/>\nWohltuend und heilsam f\u00fcr Behandelte und Behandler\u2028Die positiven Wirkungen zeigen sich nicht nur f\u00fcr den Behandelnden, sondern sind auch sp\u00fcrbar f\u00fcr die Person, die die H\u00e4nde auflegt. \u2028In jedem Menschen ist eine heilende Kraft von Natur aus angelegt und latent vorhanden. Wenn wir in Kontakt mit ihr kommen, erfahren wir dies als ob etwas in Ordnung kommt, meist mit einem Gef\u00fchl von W\u00e4rme, innerer Weite und einem tiefen Frieden.<\/p>\n<blockquote><p><span style=\"color: #008000;\">\u201eIm normalen Leben wird einem oftmals gar nicht bewusst,<\/span><br \/>\n<span style=\"color: #008000;\"> dass der Mensch unendlich viel mehr empf\u00e4ngt als er gibt<\/span><br \/>\n<span style=\"color: #008000;\"> und dass Dankbarkeit erst reich macht.\u201d<br \/>\nDietrich Bonhoeffer<\/span><\/p><\/blockquote>\n<h4>Unterst\u00fctzung im Pflegealltag mit Senioren<\/h4>\n<p>Besonders im Pflegealltag mit \u00e4lteren oder dementen Menschen ist es eine hilfreiche M\u00f6glichkeit die F\u00f6rderung der Empathie und die Kommunikationskompetenz\u00a0 mit dem demenziell ver\u00e4nderten Menschen zu unterst\u00fctzen. Und gleichzeitig etwas zur St\u00e4rkung der Mitarbeiter in der Pflege beizutragen.<\/p>\n<h4>Menschen in schwierigen Situationen mit Respekt beistehen<\/h4>\n<p>Es bietet die M\u00f6glichkeit Menschen in Situationen ihres Lebens beistehen zu k\u00f6nnen, in denen Alles Unwichtige weg bricht, weil es um das Wesentliche geht. Wir \u00f6ffnen uns f\u00fcr einen Prozess in einer heilsamen Einstimmung der sowohl psychisch, k\u00f6rperlich und seelisch wirkt und eine Ver\u00e4nderung herbeif\u00fchren oder unterst\u00fctzen kann.\u2028 Ein liebevoller K\u00f6rperkontakt ist f\u00fcr uns lebenswichtig, egal in welcher Situation wir sind.<\/p>\n<blockquote><p><span style=\"color: #008000;\">\u201eDer Mensch ist das beste Heilmittel des Menschen&#8220;\u00a0\u00a0\u00a0\u00a0 <\/span><br \/>\n<span style=\"color: #008000;\"> \u00a0\u00a0\u00a0\u00a0\u00a0\u00a0\u00a0\u00a0\u00a0\u00a0\u00a0\u00a0\u00a0\u00a0\u00a0\u00a0\u00a0\u00a0\u00a0\u00a0\u00a0\u00a0\u00a0\u00a0\u00a0\u00a0\u00a0\u00a0\u00a0\u00a0\u00a0\u00a0\u00a0\u00a0\u00a0\u00a0\u00a0\u00a0\u00a0\u00a0\u00a0\u00a0\u00a0\u00a0\u00a0\u00a0\u00a0\u00a0\u00a0\u00a0\u00a0\u00a0\u00a0\u00a0\u00a0\u00a0\u00a0\u00a0\u00a0\u00a0\u00a0\u00a0\u00a0\u00a0\u00a0\u00a0\u00a0\u00a0\u00a0\u00a0\u00a0\u00a0\u00a0\u00a0\u00a0\u00a0\u00a0\u00a0\u00a0\u00a0 Paracelsus<\/span><\/p><\/blockquote>\n<h4>Sich f\u00fcr die g\u00f6ttliche heilende Kraft \u00f6ffnen<\/h4>\n<p>Alle, die es gewagt haben, von den vielen \u00e4u\u00dferen Aktivit\u00e4ten einmal zur\u00fcckzutreten, Stille zu zu-lassen und einfach pr\u00e4sent mit dem anderen Menschen zu sein, haben es beschrieben als eine Erfahrung, in der sich der innere Raum weitet und ein Gef\u00fchl von Geborgenheit entsteht.<\/p>\n<blockquote><p><span style=\"color: #008000;\">\u201eSo gro\u00df wie der ewige Raum jenseits, so gro\u00df ist der Raum im Innern des Herzens.\u201d\u00a0\u00a0\u00a0\u00a0\u00a0\u00a0\u00a0\u00a0\u00a0\u00a0\u00a0\u00a0\u00a0\u00a0\u00a0\u00a0\u00a0\u00a0\u00a0\u00a0\u00a0 Aus den Upanishaden<\/span><\/p><\/blockquote>\n<p>Das Handauflegen, wie ich es praktiziere basiert auf der Grundlage der Open Hands Schule von Anne H\u00f6fler.<br \/>\nEin wichtiges Element hierbei ist die Kontemplation.<br \/>\nAls ich mit Anfang zwanzig Jahren eine schwierige Phase in meinem Leben meistern musste, machte ich mich auf die Suche, was mir inneren Halt und \u00e4u\u00dfere Stabilit\u00e4t geben kann. Und auf diesem Weg entdeckte ich die Meditation und verschiedene Atemtechniken und den Sinn von achtsamer K\u00f6rperarbeit.<\/p>\n<h4>Mein Weg der Meditation begann\u2026<\/h4>\n<p>1983 im Zentrum f\u00fcr Initiatische Therapie, Todtmoos\/R\u00fctte bei Karlfried Graf D\u00fcrckheim, mit Zen, Tai Chi und Leibarbeit.<br \/>\nAls 1992 meine Tochter auf die Welt kam, merkte ich, dass ich diesen klaren, aber auch strengen Weg nicht weiter gehen kann, dass ich eine andere Offenheit und Freiheit auf dem \u00dcbungsweg brauchte.<\/p>\n<h4>Und so lernte ich\u2026<\/h4>\n<p>1992 Pir Vilayat Khan und den Sufismus kennen. Seitdem bin ich seine Sch\u00fclerin und von Pir Zia seinem Sohn und Nachfolger.<\/p>\n<p>Seit 1985 besuche ich Fortbildungen in Yoga, Pilates, Atemarbeit, Meditativem Tanz, Qi Gong und Universalen T\u00e4nzen des Friedens bei unterschiedlichen Institutionen.<\/p>\n<p>Gerne k\u00f6nnen Sie sich mit Ihrem Anliegen an mich wenden. Ich biete Be-Handlungen an und individuelle Begleitung zum Handauflegen bei sich selbst.<\/p>\n","protected":false},"excerpt":{"rendered":"<p>Handauflegen nach Anne H\u00f6fler Eine M\u00f6glichkeit f\u00fcr die Anwendung bei sich selbst und anderen \u201eEs gibt Augenblicke in unserem Leben,\u2028 In denen Zeit und Raum tiefer werden\u2028und das Gef\u00fchl des Daseins sich\u2028 unendlich ausdehnt.&#8220; \u00a0\u00a0\u00a0\u00a0\u00a0\u00a0\u00a0\u00a0\u00a0\u00a0\u00a0\u00a0\u00a0\u00a0\u00a0\u00a0\u00a0\u00a0\u00a0\u00a0\u00a0\u00a0\u00a0\u00a0\u00a0\u00a0\u00a0\u00a0\u00a0\u00a0\u00a0\u00a0\u00a0\u00a0\u00a0\u00a0\u00a0\u00a0\u00a0\u00a0\u00a0\u00a0 Charles Baudelaire Das achtsame Ber\u00fchren mit den H\u00e4nden oder Handauflegen ist wohl die \u00e4lteste Behandlungsmethode der Menschheit. Durch die zugewandte &hellip; <\/p>\n<p class=\"link-more\"><a href=\"https:\/\/www.huttenlocher-feldenkrais.de\/?page_id=80\" class=\"more-link\"><span class=\"screen-reader-text\">\u201eHandauflegen\u201c <\/span>weiterlesen<\/a><\/p>\n","protected":false},"author":1,"featured_media":0,"parent":0,"menu_order":0,"comment_status":"closed","ping_status":"closed","template":"","meta":{"footnotes":""},"class_list":["post-80","page","type-page","status-publish","hentry"],"_links":{"self":[{"href":"https:\/\/www.huttenlocher-feldenkrais.de\/index.php?rest_route=\/wp\/v2\/pages\/80","targetHints":{"allow":["GET"]}}],"collection":[{"href":"https:\/\/www.huttenlocher-feldenkrais.de\/index.php?rest_route=\/wp\/v2\/pages"}],"about":[{"href":"https:\/\/www.huttenlocher-feldenkrais.de\/index.php?rest_route=\/wp\/v2\/types\/page"}],"author":[{"embeddable":true,"href":"https:\/\/www.huttenlocher-feldenkrais.de\/index.php?rest_route=\/wp\/v2\/users\/1"}],"replies":[{"embeddable":true,"href":"https:\/\/www.huttenlocher-feldenkrais.de\/index.php?rest_route=%2Fwp%2Fv2%2Fcomments&post=80"}],"version-history":[{"count":12,"href":"https:\/\/www.huttenlocher-feldenkrais.de\/index.php?rest_route=\/wp\/v2\/pages\/80\/revisions"}],"predecessor-version":[{"id":153,"href":"https:\/\/www.huttenlocher-feldenkrais.de\/index.php?rest_route=\/wp\/v2\/pages\/80\/revisions\/153"}],"wp:attachment":[{"href":"https:\/\/www.huttenlocher-feldenkrais.de\/index.php?rest_route=%2Fwp%2Fv2%2Fmedia&parent=80"}],"curies":[{"name":"wp","href":"https:\/\/api.w.org\/{rel}","templated":true}]}}